ivide 83880?
True
Is 548758 a multiple of 35?
False
Is 246240 a multiple of 405?
True
Is 8 a factor of 122352?
True
Is 296 a factor of 78144?
True
Is 3356472 a multiple of 42?
True
Is 121044 a multiple of 175?
False
Does 80 divide 119520?
True
Does 3 divide 5845?
False
Does 50 divide 9896358?
False
Is 32 a factor of 5068248?
False
Is 157204 a multiple of 187?
False
Is 151 a factor of 3600692?
False
Is 213 a factor of 1490346?
False
Does 34 divide 564468?
True
Does 90 divide 9876510?
True
Is 1397340 a multiple of 8?
False
Is 663 a factor of 1985054?
False
Is 56 a factor of 685048?
True
Does 48 divide 630480?
True
Is 234195 a multiple of 168?
False
Does 69 divide 293595?
True
Does 57 divide 3685113?
False
Does 520 divide 480480?
True
Is 24 a factor of 265680?
True
Does 2438 divide 1368205?
False
Does 772 divide 386000?
True
Is 1826216 a multiple of 14?
True
Does 22 divide 5280?
True
Is 98095 a multiple of 39?
False
Is 627102 a multiple of 63?
True
Is 18 a factor of 2157696?
True
Is 5096 a multiple of 49?
True
Is 136278 a multiple of 18?
True
Is 3803916 a multiple of 159?
True
Is 126929 a multiple of 52?
False
Is 16 a factor of 3117111?
False
Does 23 divide 654527?
False
Does 255 divide 465375?
True
Is 50 a factor of 34200?
True
Does 5 divide 2552702?
False
Is 4301231 a multiple of 2?
False
Does 137 divide 1069669?
False
Is 21994 a multiple of 27?
False
Does 260 divide 20540?
True
Is 13 a factor of 12060717?
False
Is 943160 a multiple of 730?
True
Is 7 a factor of 11830?
True
Is 17 a factor of 45509?
True
Does 125 divide 10469514?
False
Does 13 divide 100412?
True
Is 312598 a multiple of 19?
False
Is 27 a factor of 17496?
True
Does 619 divide 779490?
False
Is 4 a factor of 24509?
False
Is 3299594 a multiple of 316?
False
Is 77 a factor of 1840608?
True
Does 17 divide 464591?
False
Does 106 divide 486272?
False
Does 89 divide 1288508?
False
Does 641 divide 971318?
False
Is 72 a factor of 7664184?
True
Does 187 divide 314534?
True
Does 313 divide 10433855?
True
Is 18 a factor of 1547874?
True
Is 25 a factor of 58335?
False
Is 73229 a multiple of 18?
False
Is 15 a factor of 931605?
True
Is 10 a factor of 212092?
False
Is 8 a factor of 5125186?
False
Does 17 divide 537727?
True
Is 8 a factor of 30078?
False
Is 27415012 a multiple of 371?
False
Is 17 a factor of 1117261?
False
Is 10 a factor of 159020?
True
Is 129448 a multiple of 44?
True
Does 26 divide 172201?
False
Is 1372 a factor of 219520?
True
Does 7 divide 12208?
True
Does 155 divide 796614?
False
Is 60 a factor of 2372992?
False
Does 10 divide 60389?
False
Does 49 divide 251034?
False
Is 582879 a multiple of 33?
True
Does 305 divide 183523?
False
Is 677280 a multiple of 16?
True
Does 16 divide 794714?
False
Is 6 a factor of 263130?
True
Is 32320 a multiple of 3?
False
Is 1674749 a multiple of 30?
False
Is 9061196 a multiple of 4?
True
Is 11261340 a multiple of 60?
True
Is 2105156 a multiple of 1228?
False
Does 53 divide 113844?
True
Is 638673 a multiple of 48?
False
Is 2214567 a multiple of 9?
True
Is 173778 a multiple of 22?
True
Does 561 divide 2270900?
False
Is 127 a multiple of 2?
False
Is 1290476 a multiple of 556?
True
Is 1346261 a multiple of 3?
False
Does 19 divide 803820?
False
Is 63 a factor of 6459768?
True
Is 10 a factor of 169730?
True
Is 34 a factor of 3245155?
False
Does 655 divide 1683597?
False
Does 74 divide 1393078?
False
Does 11 divide 95860?
False
Is 4324125 a multiple of 65?
True
Is 35701890 a multiple of 64?
False
Is 85 a factor of 692233?
False
Does 212 divide 4488464?
True
Is 170 a factor of 215220?
True
Does 112 divide 1816423?
False
Is 452 a factor of 20302774?
False
Does 23 divide 117609?
False
Is 38 a factor of 82061?
False
Is 300 a factor of 49800?
True
Is 191984 a multiple of 49?
False
Does 10 divide 460098?
False
Is 54 a factor of 1433641?
False
Does 157 divide 230602?
False
Does 169 divide 4659499?
True
Is 15 a factor of 215925?
True
Does 385 divide 14611135?
True
Is 1238 a factor of 31041612?
True
Is 179088 a multiple of 156?
True
Is 76 a factor of 169024?
True
Is 1917091 a multiple of 10?
False
Is 13 a factor of 279695?
True
Is 231 a factor of 154308?
True
Is 444 a factor of 3713971?
False
Is 5 a factor of 83830?
True
Is 3 a factor of 201255?
True
Does 83 divide 41417?
True
Is 283440 a multiple of 2?
True
Is 112214 a multiple of 2?
True
Is 1675914 a multiple of 61?
True
Does 449 divide 1181768?
True
Is 1400 a factor of 2616600?
True
Is 17399 a multiple of 48?
False
Does 35 divide 384442?
False
Is 19 a factor of 464489?
False
Is 132598 a multiple of 151?
False
Is 18 a factor of 623682?
True
Is 5918443 a multiple of 1094?
False
Does 15 divide 7830883?
False
Is 131533 a multiple of 31?
True
Is 356347 a multiple of 7?
False
Does 9 divide 7984656?
True
Is 13684140 a multiple of 15?
True
Is 148714 a multiple of 24?
False
Does 213 divide 1097163?
True
Is 16 a factor of 3426966?
False
Does 19 divide 1211839?
True
Does 14 divide 1484?
True
Does 213 divide 7463520?
True
Is 7 a factor of 81186?
True
Is 10 a factor of 246850?
True
Is 3572824 a multiple of 14?
False
Is 38364 a multiple of 2?
True
Does 48 divide 1154295?
False
Is 4 a factor of 142022?
False
Is 11377179 a multiple of 113?
True
Is 30 a factor of 915810?
True
Is 8881 even?
False
Is 643809 a multiple of 381?
False
Is 278442 a multiple of 14?
False
Is 9 a factor of 27267?
False
Is 181490 a multiple of 20?
False
Is 341 a factor of 6479?
True
Is 458300 a multiple of 25?
True
Does 185 divide 5534090?
True
Is 586 a factor of 109975?
False
Is 834739 a multiple of 61?
False
Is 58701 a multiple of 19?
False
Does 117 divide 105075?
False
Does 6 divide 2621774?
False
Does 464 divide 635216?
True
Is 1441488 a multiple of 12?
True
Does 27 divide 947396?
False
Is 3 a factor of 35247?
True
Is 98 a factor of 1155028?
True
Does 27 divide 227367?
True
Is 2649614 a multiple of 11?
True
Is 232 a factor of 9302757?
False
Does 13 divide 206999?
True
Does 14 divide 261005?
False
Does 7 divide 91968?
False
Is 359185 a multiple of 28?
False
Does 25 divide 15978104?
False
Does 292 divide 188924?
True
Does 258 divide 539286?
False
Is 31 a factor of 2309964?
False
Is 51 a factor of 736899?
True
Is 515007 a multiple of 7?
False
Does 26 divide 4099290?
True
Is 1564790 a multiple of 53?
False
Is 11 a factor of 6272279?
False
Is 37 a factor of 1102740?
False
Is 1383730 a multiple of 17?
False
Is 1116456 a multiple of 5?
False
Is 1079858 a multiple of 323?
False
Does 100 divide 1569073?
False
Is 15164 a multiple of 34?
True
Is 8 a factor of 15640?
True
Does 345 divide 890277?
False
Is 4903583 a multiple of 43?
False
Is 910 a factor of 642735?
False
Is 43 a factor of 329466?
True
Is 175112 a multiple of 9?
False
Is 1108153 a multiple of 10?
False
Is 52 a factor of 518341?
False
Is 2 a factor of 89222?
True
Is 11 a factor of 2874504?
False
Is 730 a factor of 6325365?
False
Is 26 a factor of 16024896?
False
Is 309 a factor of 24553419?
False
Is 213 a factor of 358905?
True
Is 78 a factor of 85089?
False
Is 947 a factor of 8746492?
True
Does 20 divide 4526340?
True
Does 40 divide 157520?
True
Is 401786 a multiple of 80?
False
Does 289 divide 37426?
False
Is 414 a factor of 284418?
True
Is 71 a factor of 4501471?
True
Is 26 a factor of 387552?
False
Does 206 divide 4568874?
True
Is 163 a factor of 3143129?
True
Is 59 a factor of 4063592?
False
Does 18 divide 830225?
False
Does 159 divide 425325?
True
Is 8 a factor of 399133?
False
Is 7342197 a multiple of 9?
False
Does 77 divide 55019?
False
Is 293 a factor of 9701816?
True
Is 3844270 a multiple of 10?
True
Does 1030 divide 8268840?
True
Does 61 divide 12421877?
False
Does 556 divide 1281580?
True
Is 265 a factor of 849855?
True
Is 4 a factor of 992163?
False
Is 790 a factor of 899810?
True
Is 19 a factor of 20704?
False
Is 6 a factor of 2208795?
False
Does 83 divide 983633?
True
Is 19 a factor of 959348?
True
Is 38198 a multiple of 269?
True
Does 25 divide 15225?
True
Is 431289 a multiple of 18?
False
Does 109 divide 122990?
False
Is 105 a factor of 135765?
True
Does 85 divide 142455?
False
Is 355 a factor of 475700?
True
Does 8 divide 382919?
False
Is 78 a factor of 309829?
False
Is 17 a factor of 7339335?
False
Does 4 divide 10106?
False
Does 45 divide 383459?
False
Is 2341036 a multiple